test common factor of g and t.
28
Let b be (-4)/32 - ((-1033)/8 - -4). What is the highest common divisor of b and 25?
25
Suppose k = -2*m + 179 - 23, -4*m = 3*k - 314. Let p = 4005 + -3994. What is the highest common factor of p and m?
11
Suppose -22020 = -978*n + 972*n. What is the greatest common factor of 10 and n?
10
Let r(u) = -u**3 + 15*u**2 - 10*u - 42. Let f be r(14). Calculate the greatest common divisor of 63 and f.
7
Let m be 1/2*(4 + -4). Suppose m = r + 3*r - 24. Calculate the highest common divisor of 48 and r.
6
Let m(c) = -13*c + 1. Let o be m(-3). Let g = 155 - 83. Suppose g = 7*y + 2*y. What is the highest common factor of o and y?
8
Suppose -4*f - 15 = -p, 5*p + f - 17 = 16. Let b(x) = 4*x**2 - 2*x - 11. Let l be b(p). Calculate the greatest common factor of 19 and l.
19
Let h = -56 - -50. Let d be h/15*(8 - 188). Suppose 0*x - 7 = 2*x - 5*u, 4*x - 2*u - 26 = 0. Calculate the greatest common factor of d and x.
9
Let u be 6522/24 - 7/(-28). What is the greatest common divisor of u and 34?
34
Suppose 54*c = 46277 + 649. What is the highest common divisor of 11 and c?
11
Suppose -63 = 4*n + 2*b - 3*b, -n = -3*b + 13. Let g(q) = 2*q**3 + 33*q**2 + 8*q - 2. Let s be g(n). Calculate the greatest common factor of 14 and s.
14
Let h = 37 - 19. Suppose -7*b = -h - 66. What is the highest common factor of b and 108?
12
Let r be (-6 - (2 + -2) - -5)*-539. What is the highest common factor of r and 11?
11
Suppose -82 = -5*w + 2*m, -14*w + 4*m + 20 = -12*w. Suppose -r - 72 = -3*r. What is the greatest common factor of w and r?
18
Let o(w) = -w**2 + 65*w + 239. Let r be o(60). What is the greatest common factor of 196 and r?
49
Let a(u) = 5*u**2 - 57*u + 6. Let j be a(18). Calculate the greatest common divisor of j and 25.
25
Suppose -7*n + 1916 = -3*n. Suppose n + 277 = 4*j. Calculate the greatest common factor of j and 21.
21
Let u be 2/2 + (-6 - -7). Suppose -3*v + 4 = -u*v. Let m(t) = -t**3 - 3*t**2 + 4*t - 2. Let s be m(-5). Calculate the greatest common divisor of s and v.
4
Suppose 7*s - 74 + 74 = 0. Let h(t) = 119 + 78 - 8 + 2*t. Let b be h(s). What is the highest common factor of 21 and b?
21
Let p be (-2)/6 + 37/3. Let l(f) = -f**3 - 41*f**2 + 39*f + 6. Let n be l(-42). What is the highest common factor of n and p?
12
Let q be (-23961)/(-126) - 2/12. Calculate the highest common divisor of q and 38.
38
Let b(r) = 2*r**3 + 37*r**2 - 24*r + 80. Let u be b(-19). What is the greatest common factor of u and 125?
25
Let g be (19/(-266)*-21)/(1/118). What is the highest common divisor of 649 and g?
59
Let d be (-367)/(1/(-1)) + 4/(-1). What is the greatest common divisor of d and 33?
33
Let a be ((-2)/4)/(2/(-120)). Let v be (-1)/2 - (-52)/8. Suppose v*x - 2*x = 60. Calculate the greatest common factor of a and x.
15
Let r be 340/13 - 4/26. Let c = -8 - 0. Let j be ((-78)/(-12))/((-2)/c). What is the highest common divisor of r and j?
26
Suppose 9*h + 1925 = 64*h. What is the greatest common divisor of 45 and h?
5
Suppose 1 - 16 = 5*c. Let h be (-1)/(c/27)*1. Calculate the greatest common factor of h and 9.
9
Suppose -7*d - 5*d + 60 = 0. Suppose -d*i + 10*i - 140 = 0. What is the highest common divisor of 14 and i?
14
Let u(b) = 7 - 30*b - 4 - 2. Let s be u(-1). Suppose 2*n + 3 = s. Calculate the greatest common divisor of n and 154.
14
Let a(v) = v**3 - 27*v**2 - 61*v + 115. Let t be a(29). What is the highest common factor of 1036 and t?
28
Let k = 138 + 265. Calculate the greatest common factor of 13 and k.
13
Suppose 5 = 5*o, -4*t + 12 + 0 = 4*o. Let q be (16/(-1))/(t/(-10)). Suppose 3*f - 30 - 66 = 0. Calculate the highest common factor of f and q.
16
Let g = 8 + -6. Let p(i) = i**3 - 2 + i + g - 1 + i**2. Let c be p(2). What is the greatest common divisor of 52 and c?
13
Suppose u - 2*u = 11. Let a = u - -12. Let n(r) = 22*r - 1. Let t be n(a). Calculate the highest common factor of t and 63.
21
Let s be 32/20*(-20)/(-24)*78. What is the highest common factor of s and 16?
8
Let o be (0 + (-1)/2)*-2. Calculate the highest common factor of o and 1.
1
Let o = -227 - -237. What is the highest common factor of o and 160?
10
Suppose 2*r - f = 198, -4*f - 431 = -5*r + 58. What is the greatest common factor of 707 and r?
101
Let b be (-3)/(7/(56/(-36)))*390. Let y = -176 + b. Calculate the highest common divisor of y and 12.
12
Let p = -235 + 253. Calculate the highest common factor of 306 and p.
18
Let r(j) = j**3 - 56*j**2 - 117*j + 69. Let q be r(58). What is the highest common factor of 3817 and q?
11
Let q be (64/40)/((-4)/(-10)). Suppose 5*p = -2*j + 20 + 12, -q*p + 4*j + 48 = 0. Suppose p*z - 131 = 93. Calculate the highest common factor of z and 4.
4
Let i(w) = w**2 - 19*w + 28. Let a be i(18). Let v be (-2)/6*15/(-10)*a. What is the highest common divisor of 45 and v?
5
Let x be (-15)/10 + 3 + 10014/12. What is the greatest common factor of 88 and x?
44
Suppose -r - 6 = y + y, 0 = r + y + 3. Suppose 7*p - 2*p - 1275 = r. What is the greatest common divisor of p and 102?
51
Suppose -9 + 4 = -p. Suppose -p*m = -318 + 43. Calculate the highest common factor of 11 and m.
11
Let l(u) = -11*u + 104. Let f be l(7). Let c be (45/(-2))/(-2*(-5)/(-20)). Calculate the highest common divisor of f and c.
9
Suppose -p - 2*p - 5*i = -16, -5*p - 4*i + 18 = 0. Let q(a) = 68*a**2 - 6*a + 4. Let s be q(p). Calculate the greatest common factor of s and 24.
24
Let r be (-3)/(1*1/(-9)). Let a = -13 + r. Calculate the greatest common factor of a and 7.
7
Suppose 0 = 2*o + 5*o. Suppose o = -2*x + 4*x - 198. Let f(z) = -z**3 + 11*z**2 - 4*z + 6. Let b be f(10). Calculate the highest common divisor of b and x.
33
Let t be 0 + 3 + -2 + 4. Let g be (t/3 + -1)/(56/84). Suppose 2*o - 4 = -2*o. Calculate the highest common factor of g and o.
1
Let c(v) = -19*v**3 + 6*v**2 + 7*v + 12. Let s be c(-2). What is the greatest common factor of s and 18?
6
Let d = 509 - 493. Calculate the greatest common factor of d and 6.
2
Let l(w) = 176*w + 3. Let f be l(3). What is the greatest common factor of f and 9?
9
Suppose 53 = 5*w - 117. Let f = 40 - w. Let m(h) = -4*h + 1. Let l be m(-2). Calculate the highest common factor of l and f.
3
Suppose 4*x - 4*z = 116, -5*x + 32 = 4*z - 131. What is the highest common factor of 341 and x?
31
Let m(s) = -s. Suppose 101 = 4*k + 1. Let o = 24 - k. Let q be m(o). What is the highest common divisor of q and 4?
1
Let r(l) = -l**2 + 11*l + 3. Let u be r(6). Let c = 64 + -61. What is the highest common factor of c and u?
3
Let d be (-2)/(-6) - 791/(-3). Suppose 2*m + m - d = 0. Let c(x) = -x**2 + 6*x + 38. Let r be c(9). What is the highest common divisor of r and m?
11
Let z = -1319 - -1334. Let v(c) = 3*c**2 + 6*c + 3. Let o be v(-6). What is the highest common divisor of z and o?
15
Let n be (-4)/22 + 24/11. Let v = -2 + n. Suppose 0 = -v*p - 3*p + 54. Calculate the highest common factor of p and 2.
2
Suppose -360 = 1828*x - 1837*x. Calculate the highest common divisor of x and 180.
20
Let w be 2/(-4) + (-77)/(-14). Suppose w*s + 52 = 4*t + s, 0 = -t - 2*s + 7. Suppose t*p = 9*p + 40. What is the highest common factor of p and 5?
5
Let a = 451 + -403. What is the highest common divisor of a and 232?
8
Let x(j) = 2*j**3 + 5*j**2 - 11*j + 6. Let h be x(1). Let y be 33/2*(-2)/(-3). Suppose h*w = y + 213. What is the highest common factor of w and 28?
28
Let r be 6/(-39) - 4/(-26). Let d = r - -5. Suppose 4*p = 3*n + 4, -n = -d*p + 17 - 1. Calculate the greatest common divisor of 10 and p.
2
Suppose -5*l + 3*b - 5 = -148, 3*l - 5*b - 73 = 0. Suppose -r = 4*m - 741, 2*m + 4*r - 5*r - 375 = 0. What is the highest common divisor of m and l?
31
Let k be -8*(-2)/((-16)/(-122)). Let t be k/8 + 6/(-24). Let o = -11 + t. What is the highest common factor of 28 and o?
4
Let q(w) = w**3 + 15*w**2 - 4*w - 51. Let f be q(-15). Calculate the greatest common factor of f and 18.
9
Let v = -7 - -9. Suppose -5*m = s - 44, -3*m = -3*s - v*s - 4. Calculate the highest common divisor of m and 24.
8
Suppose 1 - 4 = -3*f. Let j be (15/5)/f + 11. What is the highest common factor of 7 and j?
7
Let u be 724/4*4 - 4. Calculate the greatest common divisor of 160 and u.
80
Suppose -3*x + 8*x - 25 = 0. Suppose 0 = -0*j + x*j. Suppose -a + 0*a + 198 = j. What